{"id":1853,"date":"2022-05-16T02:23:31","date_gmt":"2022-05-16T02:23:31","guid":{"rendered":"https:\/\/upt.com.ar\/?page_id=1853"},"modified":"2024-02-20T12:09:28","modified_gmt":"2024-02-20T12:09:28","slug":"autogestionados","status":"publish","type":"page","link":"https:\/\/upt.com.ar\/index.php\/autogestionados\/","title":{"rendered":"Autogestionados"},"content":{"rendered":"\t\t<div data-elementor-type=\"wp-page\" data-elementor-id=\"1853\" class=\"elementor elementor-1853\">\n\t\t\t\t\t\t<section class=\"elementor-section elementor-top-section elementor-element elementor-element-31c2a56 elementor-section-full_width elementor-section-content-middle elementor-section-height-default elementor-section-height-default\" data-id=\"31c2a56\" data-element_type=\"section\" data-settings=\"{&quot;background_background&quot;:&quot;classic&quot;}\">\n\t\t\t\t\t\t\t<div class=\"elementor-background-overlay\"><\/div>\n\t\t\t\t\t\t\t<div class=\"elementor-container elementor-column-gap-default\">\n\t\t\t\t\t<div class=\"elementor-column elementor-col-100 elementor-top-column elementor-element elementor-element-40c5830\" data-id=\"40c5830\" data-element_type=\"column\">\n\t\t\t<div class=\"elementor-widget-wrap elementor-element-populated\">\n\t\t\t\t\t\t<div class=\"elementor-element elementor-element-812ba5e elementor-widget-divider--view-line elementor-widget elementor-widget-divider\" data-id=\"812ba5e\" data-element_type=\"widget\" data-widget_type=\"divider.default\">\n\t\t\t\t<div class=\"elementor-widget-container\">\n\t\t\t\t\t\t\t<div class=\"elementor-divider\">\n\t\t\t<span class=\"elementor-divider-separator\">\n\t\t\t\t\t\t<\/span>\n\t\t<\/div>\n\t\t\t\t\t\t<\/div>\n\t\t\t\t<\/div>\n\t\t\t\t\t<\/div>\n\t\t<\/div>\n\t\t\t\t\t<\/div>\n\t\t<\/section>\n\t\t\t\t<section class=\"elementor-section elementor-top-section elementor-element elementor-element-df4e915 elementor-section-boxed elementor-section-height-default elementor-section-height-default\" data-id=\"df4e915\" data-element_type=\"section\" data-settings=\"{&quot;animation&quot;:&quot;none&quot;,&quot;background_background&quot;:&quot;classic&quot;}\">\n\t\t\t\t\t\t<div class=\"elementor-container elementor-column-gap-default\">\n\t\t\t\t\t<div class=\"elementor-column elementor-col-100 elementor-top-column elementor-element elementor-element-5e5db4e\" data-id=\"5e5db4e\" data-element_type=\"column\">\n\t\t\t<div class=\"elementor-widget-wrap elementor-element-populated\">\n\t\t\t\t\t\t<div class=\"elementor-element elementor-element-5b7825b elementor-widget-divider--view-line elementor-widget elementor-widget-divider\" data-id=\"5b7825b\" data-element_type=\"widget\" data-widget_type=\"divider.default\">\n\t\t\t\t<div class=\"elementor-widget-container\">\n\t\t\t\t\t\t\t<div class=\"elementor-divider\">\n\t\t\t<span class=\"elementor-divider-separator\">\n\t\t\t\t\t\t<\/span>\n\t\t<\/div>\n\t\t\t\t\t\t<\/div>\n\t\t\t\t<\/div>\n\t\t\t\t\t<\/div>\n\t\t<\/div>\n\t\t\t\t\t<\/div>\n\t\t<\/section>\n\t\t\t\t<section class=\"elementor-section elementor-top-section elementor-element elementor-element-98a84ad elementor-section-boxed elementor-section-height-default elementor-section-height-default\" data-id=\"98a84ad\" data-element_type=\"section\" data-settings=\"{&quot;background_background&quot;:&quot;classic&quot;,&quot;animation&quot;:&quot;none&quot;}\">\n\t\t\t\t\t\t<div class=\"elementor-container elementor-column-gap-default\">\n\t\t\t\t\t<div class=\"elementor-column elementor-col-100 elementor-top-column elementor-element elementor-element-13de61c\" data-id=\"13de61c\" data-element_type=\"column\" data-settings=\"{&quot;background_background&quot;:&quot;classic&quot;}\">\n\t\t\t<div class=\"elementor-widget-wrap elementor-element-populated\">\n\t\t\t\t\t\t<section class=\"elementor-section elementor-inner-section elementor-element elementor-element-e5dbc34 elementor-section-boxed elementor-section-height-default elementor-section-height-default\" data-id=\"e5dbc34\" data-element_type=\"section\">\n\t\t\t\t\t\t<div class=\"elementor-container elementor-column-gap-default\">\n\t\t\t\t\t<div class=\"elementor-column elementor-col-50 elementor-inner-column elementor-element elementor-element-2228d11\" data-id=\"2228d11\" data-element_type=\"column\">\n\t\t\t<div class=\"elementor-widget-wrap elementor-element-populated\">\n\t\t\t\t\t\t<div class=\"elementor-element elementor-element-cdb56ee elementor-widget elementor-widget-heading\" data-id=\"cdb56ee\" data-element_type=\"widget\" data-widget_type=\"heading.default\">\n\t\t\t\t<div class=\"elementor-widget-container\">\n\t\t\t\t\t<h2 class=\"elementor-heading-title elementor-size-default\">Soft skills<\/h2>\t\t\t\t<\/div>\n\t\t\t\t<\/div>\n\t\t\t\t<div class=\"elementor-element elementor-element-709aa11 elementor-widget elementor-widget-text-editor\" data-id=\"709aa11\" data-element_type=\"widget\" data-widget_type=\"text-editor.default\">\n\t\t\t\t<div class=\"elementor-widget-container\">\n\t\t\t\t\t\t\t\t\t<p>Correo Electr\u00f3nico: secretariaacademica@upt.com.ar<\/p><p>WhatsApp: <a href=\"https:\/\/api.whatsapp.com\/send?phone=542233126746&amp;text=\">223-3 126746<\/a><\/p><p>Link de inscripci\u00f3n <a href=\"https:\/\/docs.google.com\/forms\/d\/e\/1FAIpQLSdWpc2Zzl06Odx3kL3V3pJaLOHY9CKgBzdbZROx9DWFKoqolA\/viewform\">ac\u00e1<\/a><\/p>\t\t\t\t\t\t\t\t<\/div>\n\t\t\t\t<\/div>\n\t\t\t\t\t<\/div>\n\t\t<\/div>\n\t\t\t\t<div class=\"elementor-column elementor-col-50 elementor-inner-column elementor-element elementor-element-6f95255\" data-id=\"6f95255\" data-element_type=\"column\">\n\t\t\t<div class=\"elementor-widget-wrap elementor-element-populated\">\n\t\t\t\t\t\t<div class=\"elementor-element elementor-element-36b77b8 elementor-widget elementor-widget-image\" data-id=\"36b77b8\" data-element_type=\"widget\" data-widget_type=\"image.default\">\n\t\t\t\t<div class=\"elementor-widget-container\">\n\t\t\t\t\t\t\t\t\t\t\t\t\t\t\t<img fetchpriority=\"high\" decoding=\"async\" width=\"613\" height=\"343\" src=\"https:\/\/upt.com.ar\/wp-content\/uploads\/2024\/02\/Cursos-Autogestionados-1.png\" class=\"attachment-large size-large wp-image-3221\" alt=\"\" srcset=\"https:\/\/upt.com.ar\/wp-content\/uploads\/2024\/02\/Cursos-Autogestionados-1.png 613w, https:\/\/upt.com.ar\/wp-content\/uploads\/2024\/02\/Cursos-Autogestionados-1-300x168.png 300w\" sizes=\"(max-width: 613px) 100vw, 613px\" \/>\t\t\t\t\t\t\t\t\t\t\t\t\t\t\t<\/div>\n\t\t\t\t<\/div>\n\t\t\t\t\t<\/div>\n\t\t<\/div>\n\t\t\t\t\t<\/div>\n\t\t<\/section>\n\t\t\t\t\t<\/div>\n\t\t<\/div>\n\t\t\t\t\t<\/div>\n\t\t<\/section>\n\t\t\t\t<section class=\"elementor-section elementor-top-section elementor-element elementor-element-7fa637a elementor-section-boxed elementor-section-height-default elementor-section-height-default\" data-id=\"7fa637a\" data-element_type=\"section\" data-settings=\"{&quot;background_background&quot;:&quot;classic&quot;,&quot;animation&quot;:&quot;none&quot;}\">\n\t\t\t\t\t\t<div class=\"elementor-container elementor-column-gap-default\">\n\t\t\t\t\t<div class=\"elementor-column elementor-col-100 elementor-top-column elementor-element elementor-element-a0537fb\" data-id=\"a0537fb\" data-element_type=\"column\" data-settings=\"{&quot;background_background&quot;:&quot;classic&quot;}\">\n\t\t\t<div class=\"elementor-widget-wrap elementor-element-populated\">\n\t\t\t\t\t\t<div class=\"elementor-element elementor-element-7864cd4 elementor-widget elementor-widget-image\" data-id=\"7864cd4\" data-element_type=\"widget\" data-widget_type=\"image.default\">\n\t\t\t\t<div class=\"elementor-widget-container\">\n\t\t\t\t\t\t\t\t\t\t\t\t\t\t\t<img decoding=\"async\" src=\"https:\/\/upt.com.ar\/wp-content\/uploads\/elementor\/thumbs\/UPT-PLACA-PLANILLA-EXCEL-06-03-02-q3464bthccc4a25vfabvrg1sjtitqz1a7l6g49g1m4.png\" title=\"UPT &#8211; PLACA &#8211; PLANILLA EXCEL &#8211; 06-03-02\" alt=\"UPT - PLACA - PLANILLA EXCEL - 06-03-02\" loading=\"lazy\" \/>\t\t\t\t\t\t\t\t\t\t\t\t\t\t\t<\/div>\n\t\t\t\t<\/div>\n\t\t\t\t<div class=\"elementor-element elementor-element-b59d62d elementor-widget elementor-widget-text-editor\" data-id=\"b59d62d\" data-element_type=\"widget\" data-widget_type=\"text-editor.default\">\n\t\t\t\t<div class=\"elementor-widget-container\">\n\t\t\t\t\t\t\t\t\t<p>Correo Electr\u00f3nico: secretariaacademica@upt.com.ar<\/p><p>WhatsApp: <a href=\"https:\/\/api.whatsapp.com\/send?phone=542233126746&amp;text=\">223-3 126746<\/a><\/p>\t\t\t\t\t\t\t\t<\/div>\n\t\t\t\t<\/div>\n\t\t\t\t\t<\/div>\n\t\t<\/div>\n\t\t\t\t\t<\/div>\n\t\t<\/section>\n\t\t\t\t<section class=\"elementor-section elementor-top-section elementor-element elementor-element-7a81be0 elementor-section-boxed elementor-section-height-default elementor-section-height-default\" data-id=\"7a81be0\" data-element_type=\"section\" data-settings=\"{&quot;background_background&quot;:&quot;classic&quot;,&quot;animation&quot;:&quot;none&quot;}\">\n\t\t\t\t\t\t<div class=\"elementor-container elementor-column-gap-default\">\n\t\t\t\t\t<div class=\"elementor-column elementor-col-100 elementor-top-column elementor-element elementor-element-dd0d992\" data-id=\"dd0d992\" data-element_type=\"column\" data-settings=\"{&quot;background_background&quot;:&quot;classic&quot;}\">\n\t\t\t<div class=\"elementor-widget-wrap elementor-element-populated\">\n\t\t\t\t\t\t<div class=\"elementor-element elementor-element-ad86121 elementor-widget elementor-widget-image\" data-id=\"ad86121\" data-element_type=\"widget\" data-widget_type=\"image.default\">\n\t\t\t\t<div class=\"elementor-widget-container\">\n\t\t\t\t\t\t\t\t\t\t\t\t\t\t\t<img decoding=\"async\" src=\"https:\/\/upt.com.ar\/wp-content\/uploads\/elementor\/thumbs\/portada-capsula-comercializacion-pwouvbzpygr590s8vsw0wmvxxlw2ca9j5faa9bpr8s.png\" title=\"portada capsula comercializacion\" alt=\"portada capsula comercializacion\" loading=\"lazy\" \/>\t\t\t\t\t\t\t\t\t\t\t\t\t\t\t<\/div>\n\t\t\t\t<\/div>\n\t\t\t\t<div class=\"elementor-element elementor-element-215e68a elementor-widget elementor-widget-text-editor\" data-id=\"215e68a\" data-element_type=\"widget\" data-widget_type=\"text-editor.default\">\n\t\t\t\t<div class=\"elementor-widget-container\">\n\t\t\t\t\t\t\t\t\t<p>Correo Electr\u00f3nico: secretariaacademica@upt.com.ar<\/p><p>WhatsApp: <a href=\"https:\/\/api.whatsapp.com\/send?phone=542233126746&amp;text=\">223-3 126746<\/a><\/p>\t\t\t\t\t\t\t\t<\/div>\n\t\t\t\t<\/div>\n\t\t\t\t\t<\/div>\n\t\t<\/div>\n\t\t\t\t\t<\/div>\n\t\t<\/section>\n\t\t\t\t<section class=\"elementor-section elementor-top-section elementor-element elementor-element-45d9718 elementor-section-boxed elementor-section-height-default elementor-section-height-default\" data-id=\"45d9718\" data-element_type=\"section\" data-settings=\"{&quot;background_background&quot;:&quot;classic&quot;,&quot;animation&quot;:&quot;none&quot;}\">\n\t\t\t\t\t\t<div class=\"elementor-container elementor-column-gap-default\">\n\t\t\t\t\t<div class=\"elementor-column elementor-col-100 elementor-top-column elementor-element elementor-element-2db97de\" data-id=\"2db97de\" data-element_type=\"column\" data-settings=\"{&quot;background_background&quot;:&quot;classic&quot;}\">\n\t\t\t<div class=\"elementor-widget-wrap elementor-element-populated\">\n\t\t\t\t\t\t<div class=\"elementor-element elementor-element-97c363f elementor-widget elementor-widget-image\" data-id=\"97c363f\" data-element_type=\"widget\" data-widget_type=\"image.default\">\n\t\t\t\t<div class=\"elementor-widget-container\">\n\t\t\t\t\t\t\t\t\t\t\t\t\t\t\t<img decoding=\"async\" src=\"https:\/\/upt.com.ar\/wp-content\/uploads\/elementor\/thumbs\/capsula-derecho-trabajadores-pwoutrlekelxwf2614ier14aahm1ig1mxo55gq1dm4.png\" title=\"capsula derecho trabajadores\" alt=\"capsula derecho trabajadores\" loading=\"lazy\" \/>\t\t\t\t\t\t\t\t\t\t\t\t\t\t\t<\/div>\n\t\t\t\t<\/div>\n\t\t\t\t<div class=\"elementor-element elementor-element-384d6b0 elementor-widget elementor-widget-text-editor\" data-id=\"384d6b0\" data-element_type=\"widget\" data-widget_type=\"text-editor.default\">\n\t\t\t\t<div class=\"elementor-widget-container\">\n\t\t\t\t\t\t\t\t\t<p>Correo Electr\u00f3nico: secretariaacademica@upt.com.ar<\/p><p>WhatsApp: <a href=\"https:\/\/api.whatsapp.com\/send?phone=542233126746&amp;text=\">223-3 126746<\/a><\/p>\t\t\t\t\t\t\t\t<\/div>\n\t\t\t\t<\/div>\n\t\t\t\t\t<\/div>\n\t\t<\/div>\n\t\t\t\t\t<\/div>\n\t\t<\/section>\n\t\t\t\t<section class=\"elementor-section elementor-top-section elementor-element elementor-element-dbe8511 elementor-section-boxed elementor-section-height-default elementor-section-height-default\" data-id=\"dbe8511\" data-element_type=\"section\" data-settings=\"{&quot;background_background&quot;:&quot;classic&quot;,&quot;animation&quot;:&quot;none&quot;}\">\n\t\t\t\t\t\t<div class=\"elementor-container elementor-column-gap-default\">\n\t\t\t\t\t<div class=\"elementor-column elementor-col-100 elementor-top-column elementor-element elementor-element-a8612f9\" data-id=\"a8612f9\" data-element_type=\"column\" data-settings=\"{&quot;background_background&quot;:&quot;classic&quot;}\">\n\t\t\t<div class=\"elementor-widget-wrap elementor-element-populated\">\n\t\t\t\t\t\t<div class=\"elementor-element elementor-element-ebac433 elementor-widget elementor-widget-image\" data-id=\"ebac433\" data-element_type=\"widget\" data-widget_type=\"image.default\">\n\t\t\t\t<div class=\"elementor-widget-container\">\n\t\t\t\t\t\t\t\t\t\t\t\t\t\t\t<img decoding=\"async\" width=\"768\" height=\"432\" src=\"https:\/\/upt.com.ar\/wp-content\/uploads\/2022\/05\/UPT-LEY-MICAELA_Mesa-de-trabajo-1-768x432.png\" class=\"attachment-medium_large size-medium_large wp-image-1949\" alt=\"\" srcset=\"https:\/\/upt.com.ar\/wp-content\/uploads\/2022\/05\/UPT-LEY-MICAELA_Mesa-de-trabajo-1-768x432.png 768w, https:\/\/upt.com.ar\/wp-content\/uploads\/2022\/05\/UPT-LEY-MICAELA_Mesa-de-trabajo-1-300x169.png 300w, https:\/\/upt.com.ar\/wp-content\/uploads\/2022\/05\/UPT-LEY-MICAELA_Mesa-de-trabajo-1-1024x576.png 1024w, https:\/\/upt.com.ar\/wp-content\/uploads\/2022\/05\/UPT-LEY-MICAELA_Mesa-de-trabajo-1-1536x864.png 1536w, https:\/\/upt.com.ar\/wp-content\/uploads\/2022\/05\/UPT-LEY-MICAELA_Mesa-de-trabajo-1-2048x1152.png 2048w\" sizes=\"(max-width: 768px) 100vw, 768px\" \/>\t\t\t\t\t\t\t\t\t\t\t\t\t\t\t<\/div>\n\t\t\t\t<\/div>\n\t\t\t\t<div class=\"elementor-element elementor-element-9b8043b elementor-widget elementor-widget-text-editor\" data-id=\"9b8043b\" data-element_type=\"widget\" data-widget_type=\"text-editor.default\">\n\t\t\t\t<div class=\"elementor-widget-container\">\n\t\t\t\t\t\t\t\t\t<p>Correo Electr\u00f3nico: secretariaacademica@upt.com.ar<\/p><p>WhatsApp: <a href=\"https:\/\/api.whatsapp.com\/send?phone=542233126746&amp;text=\">223-3 126746<\/a><\/p>\t\t\t\t\t\t\t\t<\/div>\n\t\t\t\t<\/div>\n\t\t\t\t\t<\/div>\n\t\t<\/div>\n\t\t\t\t\t<\/div>\n\t\t<\/section>\n\t\t\t\t<section class=\"elementor-section elementor-top-section elementor-element elementor-element-35f3088 elementor-section-boxed elementor-section-height-default elementor-section-height-default\" data-id=\"35f3088\" data-element_type=\"section\">\n\t\t\t\t\t\t<div class=\"elementor-container elementor-column-gap-default\">\n\t\t\t\t\t<div class=\"elementor-column elementor-col-100 elementor-top-column elementor-element elementor-element-aee6c43\" data-id=\"aee6c43\" data-element_type=\"column\">\n\t\t\t<div class=\"elementor-widget-wrap elementor-element-populated\">\n\t\t\t\t\t\t<div class=\"elementor-element elementor-element-b3b30c7 elementor-widget-divider--view-line elementor-widget elementor-widget-divider\" data-id=\"b3b30c7\" data-element_type=\"widget\" data-widget_type=\"divider.default\">\n\t\t\t\t<div class=\"elementor-widget-container\">\n\t\t\t\t\t\t\t<div class=\"elementor-divider\">\n\t\t\t<span class=\"elementor-divider-separator\">\n\t\t\t\t\t\t<\/span>\n\t\t<\/div>\n\t\t\t\t\t\t<\/div>\n\t\t\t\t<\/div>\n\t\t\t\t\t<\/div>\n\t\t<\/div>\n\t\t\t\t\t<\/div>\n\t\t<\/section>\n\t\t\t\t<\/div>\n\t\t","protected":false},"excerpt":{"rendered":"<p>Soft skills Correo Electr\u00f3nico: secretariaacademica@upt.com.ar WhatsApp: 223-3 126746 Link de inscripci\u00f3n ac\u00e1 Correo Electr\u00f3nico: secretariaacademica@upt.com.ar WhatsApp: 223-3 126746 Correo Electr\u00f3nico: secretariaacademica@upt.com.ar WhatsApp: 223-3 126746 Correo Electr\u00f3nico: secretariaacademica@upt.com.ar WhatsApp: 223-3 126746 Correo Electr\u00f3nico: secretariaacademica@upt.com.ar WhatsApp: 223-3 126746<\/p>\n","protected":false},"author":1,"featured_media":0,"parent":0,"menu_order":0,"comment_status":"closed","ping_status":"closed","template":"page-templates\/template-pagebuilder-full-width.php","meta":{"_monsterinsights_skip_tracking":false,"_monsterinsights_sitenote_active":false,"_monsterinsights_sitenote_note":"","_monsterinsights_sitenote_category":0,"neve_meta_sidebar":"full-width","neve_meta_container":"","neve_meta_enable_content_width":"on","neve_meta_content_width":100,"neve_meta_title_alignment":"","neve_meta_author_avatar":"","neve_post_elements_order":"","neve_meta_disable_header":"","neve_meta_disable_footer":"","neve_meta_disable_title":"","_joinchat":[],"footnotes":""},"class_list":["post-1853","page","type-page","status-publish","hentry"],"aioseo_notices":[],"_links":{"self":[{"href":"https:\/\/upt.com.ar\/index.php\/wp-json\/wp\/v2\/pages\/1853","targetHints":{"allow":["GET"]}}],"collection":[{"href":"https:\/\/upt.com.ar\/index.php\/wp-json\/wp\/v2\/pages"}],"about":[{"href":"https:\/\/upt.com.ar\/index.php\/wp-json\/wp\/v2\/types\/page"}],"author":[{"embeddable":true,"href":"https:\/\/upt.com.ar\/index.php\/wp-json\/wp\/v2\/users\/1"}],"replies":[{"embeddable":true,"href":"https:\/\/upt.com.ar\/index.php\/wp-json\/wp\/v2\/comments?post=1853"}],"version-history":[{"count":73,"href":"https:\/\/upt.com.ar\/index.php\/wp-json\/wp\/v2\/pages\/1853\/revisions"}],"predecessor-version":[{"id":3271,"href":"https:\/\/upt.com.ar\/index.php\/wp-json\/wp\/v2\/pages\/1853\/revisions\/3271"}],"wp:attachment":[{"href":"https:\/\/upt.com.ar\/index.php\/wp-json\/wp\/v2\/media?parent=1853"}],"curies":[{"name":"wp","href":"https:\/\/api.w.org\/{rel}","templated":true}]}}